12. Let x(z) = 5*z**3 + z - 23 - 3*z**v - 3*z**2 + 22. Calculate x(2).
5
Let h(v) = -3*v + 2*v + 7*v + v**2. Let l = 8 + -5. Let o(q) = -2*q**2 - 13*q + 1. Let t(p) = l*o(p) + 7*h(p). Give t(-3).
3
Let v(y) be the second derivative of y**5/20 - 7*y**4/12 + y**3/3 - 4*y**2 + 9*y. Suppose 0 = 4*n - 4*q - 28, 0 = 4*n + n + 2*q - 35. Calculate v(n).
6
Let t(z) = -4*z**2 + 5*z + 3. Let s(a) = -5*a**2 + 5*a + 2. Let b(k) = -3*s(k) + 4*t(k). Let m(d) = -2*d**3 - 3*d**2 + 2. Let p be m(-2). What is b(p)?
0
Let m(h) = 5 - 3 + 3 + h - 4. Calculate m(4).
5
Let f(k) be the second derivative of 2*k**3/3 + k**2/2 - 21*k. Give f(-2).
-7
Let p = -27 - -58. Let w = -11 + p. Suppose -4*l = w - 0. Let a(t) = -t - 5. Calculate a(l).
0
Let l(k) = -16 + 4 + 5 + k - 1. Give l(6).
-2
Let s(w) = -6*w**3 - w + 1. Suppose 4*n = 6*n. Let i = -18 - n. Let t be ((-6)/i)/((-2)/(-6)). Calculate s(t).
-6
Suppose 3 = -g + 5. Suppose 3*x - 5 = -g. Let f(p) = p - 1. Give f(x).
0
Let q(t) be the second derivative of -t**5/20 - t**4/12 + t**3/2 - t**2 + 5*t. Give q(-3).
7
Let f(d) = -d**2 + 4*d. Let q be 7 + 1 + (-12)/3. Give f(q).
0
Let k(f) = -2*f**2 - 7*f - 6. Let x(u) = -3*u**2 - 10*u - 8. Let m(p) = -7*k(p) + 5*x(p). Calculate m(3).
-10
Let w(d) = d**2 - 8*d - 14. Let v be w(10). Let q(g) = g**3 - 6*g**2 + 6. What is q(v)?
6
Let k(f) = f**2 + f. Let b = -37 + 34. Calculate k(b).
6
Suppose -8 - 9 = -2*g + 5*h, -5*h - 23 = -3*g. Let o(a) = a**3 - 5*a**2 - 3*a - 1. Calculate o(g).
17
Let j(a) = a**2 - 7*a + 10. Suppose 0 = 5*k + 2*x - 39, -3*x = -0*x - 6. Give j(k).
10
Let r = 2 + 1. Let v(n) = -2*n + 9 - 2*n**2 + r*n + 3*n**2. Suppose 4*j - 3*x = 3, 0 = -j - 4*x - 5 + 1. Give v(j).
9
Let q(y) be the first derivative of y**2/2 + 2*y - 5. Let u = 5 - 11. Calculate q(u).
-4
Suppose -2*b + 0*b - 10 = 0. Let z(n) = -n**2 - 3*n + 6. Calculate z(b).
-4
Let i = 2 + 2. Let c(m) = 0 + 4*m**2 - m**3 + 2 + 3. Give c(i).
5
Let k(q) be the first derivative of -4 - 1/2*q**2 + 4/3*q**3 - 1/4*q**4 - q. Give k(4).
-5
Suppose u - 5*h = 1 + 6, 0 = 2*h + 4. Let x(l) = -1 + 2*l - 3 + 0*l. Calculate x(u).
-10
Let s = 20 + -14. Suppose s = -2*y, -y - 5 = -v - 0. Suppose -8 = -v*z - 2*z. Let q(i) = 2*i - 3. Give q(z).
1
Let m = 53 - 59. Let h(w) = 2*w + 3. What is h(m)?
-9
Let m(p) be the second derivative of -p**8/1680 - p**7/2520 - p**6/720 + p**4/12 - 2*p. Let c(n) be the third derivative of m(n). Give c(-1).
4
Let a = -1 - -8. Let q(k) = 2*k**3 + 2*k**2 + 7*k - 6. Let d(p) = 2*p**3 + 2*p**2 + 8*p - 7. Let v(w) = a*q(w) - 6*d(w). Give v(-1).
-1
Let v(p) = 15*p**3 - 10*p**2 + 4*p**2 + p - 16*p**3 + 1. Calculate v(-6).
-5
Let m(z) = 2*z. Suppose 0 = -2*d + 2*i - 12, -i + 11 + 7 = -4*d. Let s(t) = 2*t + 1. Let o(r) = d*s(r) + 3*m(r). Let c be o(-3). Let g(x) = -x. What is g(c)?
-2
Let j(v) = v + 4. Let x(k) = k + 1. Let s(p) = -j(p) - x(p). Let o = 18 - 27. Let r be 5*(o/(-3))/(-3). Calculate s(r).
5
Suppose 0 = 3*f - 4*u - 5 + 2, -5*f + 4*u = -13. Suppose -2*c + 2*m = 3*c - 23, m = -f*c + 11. Let b(g) = -4*g - c*g**2 + 4*g. Give b(1).
-3
Let s(k) be the third derivative of -k**5/60 + 5*k**4/24 - k**3/2 - 4*k**2. Give s(5).
-3
Let h(j) = j**2 + j - 1. Let y = -1 - -1. Give h(y).
-1
Let w(v) be the first derivative of -2*v**2 + v - 11. Calculate w(4).
-15
Let k(i) be the first derivative of 7/3*i**3 + 3*i**2 - 5 + 1/4*i**4 - 5*i. Give k(-6).
-5
Let h(q) = q**2 + q - 2. Let n be h(-2). Suppose 0 = u - 3*u + 10. Let r(b) = -3*b + n*b - u*b**2 + 4*b. What is r(1)?
-4
Let c(w) = w**2 + 6*w - 7. Let g = -37 + 31. Give c(g).
-7
Let w(g) = -5*g**3 + 26*g**2 - 5*g - 2. Let o(y) = -2*y**3 + 9*y**2 - 2*y - 1. Let v(t) = -8*o(t) + 3*w(t). What is v(-6)?
-4
Let r(f) = 2 - f**2 - 1 + 7*f - 5. Let v(y) be the third derivative of y**5/10 + y**4/12 + y**3/3 - 3*y**2. Let t be v(-1). What is r(t)?
2
Let r(k) = -9*k**3 - 16*k**2 - 22*k + 15. Let t(b) = -5*b**3 - 8*b**2 - 11*b + 7. Let d(p) = 6*r(p) - 11*t(p). What is d(9)?
-5
Suppose 3*b + 6 = 5*b. Suppose 0 = b*n + 2*n - 10. Let g(o) be the first derivative of 3*o**2/2 - 3*o - 16. Determine g(n).
3
Suppose 5*r - 15 = -5*s, 5*s = 2*r + 2 + 20. Let x(k) = -k**2 + 2. What is x(s)?
-14
Let v(c) be the first derivative of c**7/840 - c**6/180 - c**5/30 - c**4/24 - 2*c**3/3 - 2. Let j(q) be the third derivative of v(q). What is j(3)?
-4
Let t(f) = 2*f**3 - 3*f**2 + 2*f - 2. Let k be (-3)/(-6) - 3/(-2). Determine t(k).
6
Let q(l) = -4*l - l**2 - 2*l + 0*l - 2 + 14*l. Calculate q(8).
-2
Let z be (-4)/(-14) - 132/(-77). Let t(d) be the first derivative of 1 + 2*d + 1/2*d**z. What is t(2)?
4
Suppose -2*n + j - 2*j = 21, 3*j = 5*n + 25. Let d(m) = -m**2 - 6*m + 9. Determine d(n).
-7
Let w(v) = 2*v**3 - v**2 - 2*v. Let d be w(2). Let u(k) = -k**2 + 6*k + 3. Calculate u(d).
-13
Suppose -30*y = -25*y + 20. Let d(r) = -2*r - 3. Calculate d(y).
5
Let o be (-3 + (-1 - -1))/1. Let p be 4/(o/(-6)*2). Let j(y) be the second derivative of y**5/20 - y**4/3 + y**2 + y. What is j(p)?
2
Let b(z) = -z**2 + 3*z - 3. Let a = -39 + 44. Determine b(a).
-13
Let n(m) = -11*m**3 + 12*m**2 - 3*m - 12. Let q(r) = -r + 0*r + 2*r**2 - 2*r**3 - 2*r**3 + 2*r**2 - 4. Let y(t) = 3*n(t) - 8*q(t). Calculate y(3).
2
Let p be 0*1/4 + 2. Let w(m) = -16*m - 6. Let k(g) = 3*g + 1. Let b(y) = p*w(y) + 11*k(y). Let j be (-3)/((-9)/(-6)*1). Determine b(j).
-3
Let v = 8 - 4. Suppose -13 + 1 = -v*n. Suppose -4*m + 22 = -2*w - 0*w, 19 = n*m - 2*w. Let j(d) = 2*d - 3. What is j(m)?
3
Let b = -62 + 63. Let k(x) = -4*x - 4 + 0 + 5. Give k(b).
-3
Let q(h) = 3*h + 4. Suppose 1 = 2*c + 5. Let g(z) be the second derivative of -z**5/20 - z**4/4 + z**2/2 + 5*z. Let d be g(c). Calculate q(d).
-5
Let w(m) = -m + 7. Let f be w(5). Suppose 0 = f*t - 3*t - 2. Let p(i) = -3*i - 2. Give p(t).
4
Suppose -3*i = -2*i - 3. Let b(n) = n**2 - 4*n**3 + n**3 - 7*n**3 + n**i. Calculate b(1).
-8
Let z = -36 - -36. Let f(v) be the second derivative of -v + z + 1/6*v**3 + 1/2*v**2. Determine f(-3).
-2
Let i = 5 - 4. Suppose -j = -i - 2. Suppose -v - 11 = -4*t, 4 = j*t - t. Let n(z) = -2*z + 2. Calculate n(v).
8
Let i(s) be the second derivative of -4/3*s**3 - 1/2*s**2 + 0 - 5*s. Give i(-1).
7
Let j be 13 - (0 + 2) - -1. Let x(k) = k + j - 12. Determine x(-5).
-5
Suppose -4*y + 25 = j - 1, -j - y + 14 = 0. Let v = 11 - j. Let x(d) = 8*d**3 - d**2 + 1. Give x(v).
8
Let m(c) be the third derivative of c**6/120 - c**5/20 - c**4/24 - 5*c**3/6 + 11*c**2. What is m(4)?
7
Let k(v) be the first derivative of 1/12*v**4 + v**2 + 0*v + 1 + 1/6*v**3. Let i(t) be the second derivative of k(t). Determine i(-3).
-5
Let h(x) = -4*x**3 - 1. Suppose -k - 8*k = 9. What is h(k)?
3
Let n(p) = 11*p - 8. Let t(l) = -7*l + 5. Let r(z) = -5*n(z) - 8*t(z). Let h(c) = -c**3 + 5*c**2 + 6*c - 2. Let i be h(6). Calculate r(i).
-2
Let x = -22 + 16. Let h(d) = d**3 + 5*d**2 - 7*d + 8. Give h(x).
14
Suppose 4*c - 7 - 57 = 0. Suppose c = 3*b + b. Let n(j) = -2*j + b*j + 4 - j - 2*j. Determine n(0).
4
Let l(a) be the first derivative of a**3/3 - 3*a**2/2 - 7*a + 10. Give l(6).
11
Let i(j) = 36*j**3 + 2 - 3*j**2 + 31*j - 37*j**3 - 27*j. Determine i(-4).
2
Let k(w) = -4*w**2 + 2*w + 1. Suppose 3*m - 8*m + 15 = 0. Suppose -a = -m*a + 4. Suppose -a*v + 2 + 2 = 0. What is k(v)?
-11
Let x be (-4)/6 + 1/(-3). Let c(h) = -5*h**3 + 2*h + 1. Calculate c(x).
4
Let v(k) = -k**2 - 4*k - 2 - 5*k - 4. Determine v(-6).
12
Let h be (3/(-6))/((-75)/40 - -2). Let a(d) = -d - 3. Give a(h).
1
Let q(b) be the second derivative of -b**5/60 - 5*b**4/24 - b**3/3 + 5*b**2/2 - 3*b. Let u(m) be the first derivative of q(m). Calculate u(-5).
-2
Let u(s) = s + 5. Let m be u(-7). Let q be 2 - (m - (-2 + -2)). Suppose q = -z - 2*z. Let d(i) = -i**2 + i + 1. Give d(z).
1
Suppose 2*r + 2 - 10 = 0. Let l(o) = -o**3 + o**3 - o**3 - 1 + 4*o**2 - 2. What is l(r)?
-3
Let d(p) = -p**2 + 4*p + 3. Let z(o) = -o**3 - 7*o**2 - o - 8. Let l be z(-7). Let g be (-3)/(-6)*l*-12. Determine d(g).
-9
Let c(j) = 5*j**2 - 13*j + 13. Let i(w) = -2*w**2 + 4*w - 4. Let r(h) = 3*c(h) + 8*i(h). Determine r(-7).
7
Let h(u) = 2*u - 9. Let g(q) = q - 5. Let y(j) = -11*g(j) + 6*h(j). Give y(5).
6
Let y = -18 - -28. Let j be 6/(-4)*y/(-3). Let w(o) = -j*o + 3*o + o. Give w(-5).
5
Let u(o) be the third derivative of -o**4/24 + o**3/6 + 12*o**2.